y(m).
5
Let i(k) = 66*k**2 - 31*k**2 + 1 - 14*k**2. Determine i(-1).
22
Let l(x) = -6*x - 1. Let q be l(1). Let g(v) = -v + 1. Let y(f) = 5. Let d be -3*(-3 + 30/9). Let j(u) = d*g(u) + y(u). Calculate j(q).
-3
Suppose 2*u + 2 = 5*a, -2*a - 2 = -3*u - 5. Suppose -p - 5 = d, -3*d = -a*p - 2*p + 20. Let f(v) = -90 + 96 + 5*v - 3*v. What is f(d)?
-6
Let k(f) be the third derivative of f**4/6 + 2*f**2. Suppose -2*z = z + 2*s - 38, 3*s + 6 = 0. Suppose 0 = -5*u - 2*u - z. What is k(u)?
-8
Suppose 0 = z - 2*w, 2 = -3*z + 2*w - 2. Let m be (-1)/(5/2 - 2) + 5. Let o(v) = 1 + 63*v + v**m + 4*v**2 - 60*v + 1. Give o(z).
4
Let z(u) be the third derivative of -u**6/120 + u**5/60 - u**4/24 + 4*u**3/3 - 10*u**2. Suppose -f = 4*f. Give z(f).
8
Let m(j) = j - 2*j - 5 + 0 + 4. Suppose r = 1 - 0. Let a be (r + -3)/(4/10). What is m(a)?
4
Let z(i) = 2*i**2 - 13*i + 4. Let h = -964 - -970. Determine z(h).
-2
Let k be 12/42*(-5 - -19). Let c(q) be the second derivative of -q**3 - 1/12*q**k - 2*q**2 + 0 + 4*q. What is c(-4)?
4
Let t(k) = 1 + 1 - 3 - k. Let b = 75 - 48. Suppose 5*q - 2 = -b. Determine t(q).
4
Let b(a) = -3*a**2 + 7. Let j(h) = -7*h**2 - 11*h - 12. Let n(g) = -3*g**2 - 5*g - 6. Let i(k) = 6*j(k) - 13*n(k). Let o(v) = 2*b(v) - 3*i(v). Determine o(-3).
14
Let o(l) = -2*l**2 - 4*l - 2. Let n be 1016/(-56) - 1/(-7). Let t be (8/6)/(12/n). Determine o(t).
-2
Suppose 4*l - 4 = 0, -5*l - 3 = 5*v - 33. Suppose -4*g + 1 = v. Let h(i) be the third derivative of i**4/4 - i**3/6 + 4*i**2. Give h(g).
-7
Suppose 5*k = 4*r - 14, 13 = -2*r + 5*r - 5*k. Let p(f) = 4*f + 1. Calculate p(r).
5
Let p(t) = t**2 - 30*t - 222. Let r be p(36). Let x(m) = m**3 + 7*m**2 + 7*m + 6. Calculate x(r).
0
Let w(r) = -r**2 + 6*r + 4. Let v be w(9). Let g = -23 - v. Let x(f) = f**3 + f**2 + 6. What is x(g)?
6
Let p(m) be the second derivative of -m**4/12 - 2*m**3/3 + 17*m**2/2 - 12*m. Let g(r) be the first derivative of p(r). Give g(-4).
4
Let r(n) = 29*n - 87. Let t be r(3). Let c(z) be the first derivative of z**4/4 - z**3/3 - 6*z - 6. Calculate c(t).
-6
Let r(k) = -k**3 - k**2 + k - 1. Let l(v) = -v - 766*v**2 - v + 771*v**2 + 2*v**3 + 8. Let x(d) = l(d) + 5*r(d). Give x(-2).
21
Let m(n) = n - 6. Suppose -2*o + 2*i + 22 = 0, -4*o = -2*o + 4*i + 8. What is m(o)?
0
Let k(r) = -4*r**3 - 3*r**2 + 11*r - 6. Let y(q) = -9*q**3 - 6*q**2 + 23*q - 15. Let n(p) = -7*k(p) + 3*y(p). Give n(-5).
-13
Let m = -88 - -85. Let y(k) = -k. Let s(t) = -5*t - 1. Let o(f) = -f**3 - f**2 + 3*f + 3. Let i be o(-2). Let p(x) = i*y(x) + s(x). Give p(m).
17
Let s(i) = -2*i**3 - i**2. Let w be s(1). Let p(d) = d**2 + 4*d + 5. What is p(w)?
2
Let t(f) = 2*f - 9. Let w(z) = 5*z**2 + 36*z + 39. Let n be w(-6). What is t(n)?
-3
Suppose 11*j = -11*j. Let p(c) = c**3 + c**2 - 4. Calculate p(j).
-4
Suppose 6*n - 10 = n. Let b(u) = u**2 + 13*u + 15. Let k be b(-12). Suppose n = a + h + 3, 0 = 2*a + 3*h - k. Let r(m) = 3*m + 9. What is r(a)?
-9
Let v(w) = -4*w**2 + 15*w - 3*w**2 - 7*w**2 + w**3 + 6*w**2 - 16. Let a be v(6). Let d(s) = -s + 2. Determine d(a).
0
Suppose -2*p - 16 = 4. Let m(h) be the third derivative of -h**4/24 - 8*h**3/3 + 2*h**2 + 233*h. Determine m(p).
-6
Let v(b) = -b**2 - 77*b - 607. Let p be v(-68). Let m = 4 + -2. Let t(f) = -m*f + 5 + 4*f - 3*f. Give t(p).
0
Let i(z) = -z**2 + 3. Suppose -3 - 3 = -3*n. Suppose 2 = -v + 2*v. Suppose n*x + 4 = 0, -4*h - v - 18 = 4*x. What is i(h)?
-6
Suppose -23 = 6*y + 19. Let p(g) = -g**2 - 5*g + 3. Calculate p(y).
-11
Suppose 2354 - 2348 = 3*t. Let n(i) = 2*i**3 - i**2 - 2*i + 2. Determine n(t).
10
Let v(m) = 3 - m**2 + 408*m - 196*m - 220*m. Calculate v(3).
-30
Let r(n) = -4*n + 2*n - 7*n - 1 + 4*n. Suppose -2 = 4*l - 3*l. What is r(l)?
9
Let r = 1 + 0. Let m(y) = 14*y - 1. Let u be m(r). Suppose 0 = 3*t - 2*k + u, 4*t + 2*k + 12 = 4. Let x(z) = 2*z**2 + 4*z. Calculate x(t).
6
Let j(l) = l**2 - 6*l + 10. Let i be j(4). Let r(c) = 2*c + c**2 - 2*c**2 - i + 7 + 3*c. What is r(5)?
5
Suppose 4*h + 160 = 2*y + 2*y, -125 = -4*y - 3*h. Suppose 7*n = 14 - y. Let s(u) = u**3 + 2*u**2 - 2*u + 2. Determine s(n).
-1
Let u(y) = 5*y - 24. Let a(l) = -14*l - 246. Let x be a(-18). What is u(x)?
6
Let r(m) be the first derivative of -m**4/4 + 5*m**3/3 + m**2/2 - 12*m - 129. Give r(5).
-7
Let i be (-18)/90 - 8/10. Let n(g) = -5*g**3 - 2*g - 1. Calculate n(i).
6
Let f be 2/(-11) - 2/(-11). Let d(z) = 2*z + 13. Let g = -26 - -29. Let k(p) = p + 7. Let j(h) = g*d(h) - 5*k(h). Determine j(f).
4
Let y(m) = 2*m**2 - 3*m - 2. Suppose 0 = -3*f + 3*o - 12, 0 = 10*f - 6*f + 5*o + 16. Determine y(f).
42
Let h(g) = 115*g**2 + 34*g - 34. Let u(i) = -53*i**2 - 17*i + 17. Let m(s) = -6*h(s) - 13*u(s). What is m(17)?
-17
Let x(v) = v**2 - 7*v - 4. Let u(t) = -2*t - 34. Let h be u(-18). Suppose -h*f = -0*f - 12. Determine x(f).
-10
Let m(p) = -p**3 - 2*p**2 + 24*p + 3. Let a be m(-6). Let w(u) = u**2 + 2*u - 1. Give w(a).
14
Let d(o) be the third derivative of o**4/8 - 20*o**3/3 + 2*o**2 + 18*o. Determine d(15).
5
Let g(s) be the first derivative of s**4/4 + s**3/3 + 4*s + 894. Suppose 15 + 0 = -5*n. What is g(n)?
-14
Let n be 9/((-18)/8) + 4. Let f(r) = 2 - 4 - r + n*r**2 - r**2. Give f(-2).
-4
Let t(k) = -2*k**2 + k + 3. Let j be (-5)/40*-6*4 - 0. Calculate t(j).
-12
Suppose 60 - 52 = -4*z. Let q(h) = -3*h**2. Calculate q(z).
-12
Let x(s) = s - 6. Let d = 87 + -77. What is x(d)?
4
Let q(y) = -2*y**3 + 19*y**2 - 9*y + 1. Let g = 750 + -741. Give q(g).
1
Let x(w) = -w**3 + 8*w**2 - 6*w - 7. Let d be x(7). Let u(f) = -f**2 + 0*f**2 - 1 + d*f**3 - f**3. Suppose -26*q = 51*q + 40*q. Determine u(q).
-1
Let n(y) = 2*y**3 + 2*y**2 - y - 1. Let q(m) = 13*m**3 + 15*m**2 - 7*m - 7. Let b(z) = -6*n(z) + q(z). Calculate b(2).
17
Let a = 16 - 5. Suppose -15 = 6*h - a*h. Let b(f) = -f**3 + 3*f**2 - 4*f + 1. What is b(h)?
-11
Let k(t) = -t - 15. Let v = 10 - 30. Let o be k(v). Let r(w) = 5 + 0 - 7*w + 3 + w**2 - 1. What is r(o)?
-3
Let o(z) = -z**2 - 8*z - 8. Suppose 4*a + 22*a = -182. Give o(a).
-1
Suppose -o - 4*p = -28, 2*o + 3*p = -2*o + 47. Let i(r) = 16*r - 47*r + 11*r + 31 + 13*r. Let w(m) = 11*m - 47. Let j(u) = o*i(u) + 5*w(u). What is j(0)?
13
Suppose -23*p + 3 = -20. Let o(f) = -2*f**3 + f**2 - f + 1. Calculate o(p).
-1
Let q(n) = n**2 + n - 8*n + 15*n + 11. Calculate q(-9).
20
Let m(z) = -6*z - 1. Let d(j) = -6*j - 1. Let k(x) = -4*d(x) + 5*m(x). Let u be 0/((5 + -1)/(-4)). Suppose 4*a - 3 = y, u + 7 = 2*y + 5*a. Determine k(y).
-7
Let n(g) be the second derivative of g**5/20 + 2*g**4/3 + 7*g**3/6 + 3*g**2/2 + 37*g. What is n(-7)?
3
Let r(m) be the first derivative of m**3/3 + 2*m + 1. Let k be -6*1 - 22/33*(-15 + 0). What is r(k)?
18
Suppose f + 8 - 3 = n, 13 = 3*n - 2*f. Suppose -3*k + 1 = 4*j + j, n*j = -k - 1. Let l(v) be the second derivative of -2*v**3/3 + v. Determine l(k).
-8
Let o be -2 + 0 + 2 + 2. Let h(f) = -f + 3*f**2 + 0*f**2 - 4*f**o + 0*f**2 - 1. Give h(0).
-1
Let k(m) = 28*m**2 - 79*m**2 + 7 + 50*m**2 - 5*m. Determine k(-9).
-29
Let f(j) be the third derivative of j**4/24 - 11*j**3/6 - j**2. Let r be 4 + (-19)/(-5) + 1/5. Determine f(r).
-3
Suppose 3*n = -5*h - 5, 3*n + 0*n = -h + 11. Let q(m) = -m**3 + 5*m**2 + 2*m - 7. Let b be q(n). Suppose b*d + 11 + 4 = 0. Let c(r) = r**2 + 3*r + 3. Give c(d).
13
Let a be 1*(-3)/(2 - -1). Let s(i) = 4*i**3 - 5*i**2 + 4*i. Let y(g) = -4*g**3 + 6*g**2 - 5*g. Let j(q) = 5*s(q) + 4*y(q). Calculate j(a).
-5
Suppose 0 = -4*c + 4*x + 52, x - 11 = -206*c + 205*c. Let p(h) = h**2 - 14*h + 23. Determine p(c).
-1
Let i(a) = -a**3 - 3*a**2 + 3*a - 7. Let x be (-228)/48 + 3/(-12). Determine i(x).
28
Let c(d) = d + 1. Let g be c(1). Suppose 0 = g*f - 18 + 4. Let o = -3 + f. Let r(k) = 3*k - 4. Determine r(o).
8
Let g = 28 - 23. Suppose 21 = -2*h - g*s, 0*s + 12 = -4*h - 4*s. Let n(m) = 5 - 4 + 4 - 15*m + 19*m - h*m**2. Calculate n(4).
-11
Let h be ((-81)/(-18))/((-1)/(-2)). Let x(y) = -4*y + 4 + h + 4*y + y. Let n(k) = -k**3 - 3*k**2 + 5*k + 4. Let w be n(-4). Determine x(w).
13
Let p(m) = m + 5. Suppose 258 = -14*g + 328. Give p(g).
10
Let u(w) = -4*w**2. Suppose 271 = 4*j + 55. Let b = j + -53. Calculate u(b).
-4
Let h(q) = 7*q + 11. Let i be h(-2). Let x(b) = -10*b + 2. What is x(i)?
32
Let z(k) = -k**2 + 7*k + 10. Suppose 19 = 3*m - 5*y, -4*m - 2*